 3. Let l = u - w. What are the prime factors of l?
3
Let x(s) = -29*s + 2. Let f be x(-2). Suppose i - f = -4*i. List the prime factors of i.
2, 3
Suppose -4*f - 5*k + 58 = -69, 4*f + k - 147 = 0. What are the prime factors of f?
2, 19
Suppose i + 40 = -4*i. Let l = i - -12. What are the prime factors of l?
2
Let k(d) = d**3 - 10*d**2 + d + 12. List the prime factors of k(10).
2, 11
Suppose 401 = 2*a - 0*a - 5*b, 4*b = 2*a - 406. List the prime factors of a.
3, 71
What are the prime factors of (-6 + (-14)/(-2))*(-1 + 150)?
149
Suppose 0 = -2*o, 4*l + 3*o - 10 = 2*l. Suppose l*m + 7 - 142 = 0. What are the prime factors of m?
3
Let w = -23 + 16. Let n(c) = -c**2 - 2*c - 2. Let j(v) = -v**2 - 3*v - 3. Let g(f) = -5*j(f) + 4*n(f). What are the prime factors of g(w)?
7
Suppose -3*r = -4*r + 5. Suppose -4*n = n + r. What are the prime factors of -1 + (n - 0) - -7?
5
Let t = 0 - 1. Let k be -1 + 0 + t - -45. Suppose 0 = -n - 4, -2*z - z + n + k = 0. List the prime factors of z.
13
Let p be 2/6 - (-1)/(-3). Let x be -4 - 0/(3 + p). Let j = 7 + x. What are the prime factors of j?
3
Let t = -3 - -8. Let p be -1*(1 + 1 - t). Suppose m + 5 = 2*b, -4*b + 13 = -p*m + 4*m. List the prime factors of b.
3
Let l(y) = y**3 + 20*y**2 - 28*y - 23. What are the prime factors of l(-21)?
2, 31
Suppose 0 = -5*k + 5, 2*r - k - 20 = 39. Suppose -2*b - x = 3*b - r, 3*x = -5*b + 20. What are the prime factors of b?
7
Let n be (28 + 1)/(-6 + 5). Let i = n - -48. List the prime factors of i.
19
Let p(x) = -x. Let j = 3 + -6. Let n be p(j). Suppose 35 = 2*m + n*m. What are the prime factors of m?
7
Suppose 61 - 227 = -f. List the prime factors of f.
2, 83
Let z(t) = 2*t - 6 + t - t - t. What are the prime factors of z(11)?
5
Let h(l) be the first derivative of 3 - 1/2*l**2 + 8*l. List the prime factors of h(4).
2
Let t(q) = -q**3 - 5*q**2 - 7*q - 26. Let d(x) = -3*x**3 - 14*x**2 - 20*x - 78. Let z(k) = -6*d(k) + 17*t(k). List the prime factors of z(0).
2, 13
Suppose -o - 1 + 8 = 2*d, 12 = 4*o. Suppose -d*y + 3*q = 2*y - 23, 0 = 5*q + 5. Suppose -5*z + 2*z = 0, 4*h - y*z = 24. What are the prime factors of h?
2, 3
Let k(f) = f**2 + 4*f + 1. What are the prime factors of k(9)?
2, 59
Let m(r) = 2*r + 2. List the prime factors of m(4).
2, 5
Let d(k) = -13*k**3 + 11*k**2 + 33*k + 8. Let t(l) = 3*l**3 - 3*l**2 - 8*l - 2. Let z(x) = 2*d(x) + 9*t(x). Let q be z(6). List the prime factors of 1*6*(-1)/q.
3
Let g be (-2)/(-2) - (-8 - 1). Let n(t) = -t**2 - 3*t - 6. Let l be n(-3). Let q = g - l. List the prime factors of q.
2
Let j(n) be the second derivative of -n**3/3 - 5*n**2 - n. Let f be j(-7). Suppose h - 2*l - 2 - 6 = 0, f*h - 38 = 2*l. What are the prime factors of h?
2, 5
Suppose -3*j - 3*j + 78 = 0. What are the prime factors of j?
13
Let u = 29 - -16. What are the prime factors of u?
3, 5
List the prime factors of 2/((-18)/(-947)) + (-6)/27.
3, 5, 7
List the prime factors of (29/2)/(5/10).
29
Let q(k) = k + 10. Let n be q(-12). What are the prime factors of (-11)/((6/9)/n)?
3, 11
Let n(g) = 2*g**2 - 7*g - 4. What are the prime factors of n(-3)?
5, 7
Let u = -4 + 2. Let q(n) = 5*n**2 - 3. Let h(w) = 6*w**2 - 4. Let y(d) = -2*h(d) + 3*q(d). List the prime factors of y(u).
11
Let k(f) = 13*f + 1. Let w be k(-2). Let j = 37 + w. What are the prime factors of j?
2, 3
Suppose 2*w - 2*z + 560 = 0, -4*w - 1148 = -0*z + 3*z. Let r be w/(-14) + 10/(-35). What are the prime factors of (-5)/r + (-50)/(-8)?
2, 3
Let x(h) = h + 7. Let a be x(-5). Suppose 0 = -a*v + 5*v - 33. What are the prime factors of v?
11
Let z(g) = -61*g**2 + 9*g + 2. Let c(f) = -91*f**2 + 13*f + 3. Let q(o) = 5*c(o) - 7*z(o). Let d be q(3). What are the prime factors of (-1)/(-6) - d/42?
2, 3
Let a = -841 + 1209. List the prime factors of a.
2, 23
Suppose -2*w = -5*m + 23, 2*m - 5*m + 4*w + 25 = 0. Suppose 0 = -4*j + m + 9. Suppose 8 + j = f. List the prime factors of f.
11
Let a = -43 - -130. List the prime factors of a.
3, 29
Let a = -34 + 71. Let v = -24 + a. List the prime factors of v.
13
Let w = -138 - -44. What are the prime factors of 1/(-2)*1*w?
47
What are the prime factors of (-12 + 6 - -11) + 216?
13, 17
Let m = 33 - 15. Let w = -5 + m. List the prime factors of w.
13
Let c(h) = -116*h - 2. What are the prime factors of c(-3)?
2, 173
Let l(b) be the third derivative of b**6/60 + b**4/12 - b**3/6 + b**2. Let r be l(1). Suppose r*d + 4 = 5*d. What are the prime factors of d?
2
Suppose 12*a - 8*a = 252. List the prime factors of a.
3, 7
Let i(h) = 2*h**3 + 20*h**2 - 20*h - 7. List the prime factors of i(-10).
193
Let x(p) = p**2 - p - 2. Let u = 4 + -6. Let l be x(u). Let y = 15 - l. List the prime factors of y.
11
Suppose 5*q - q = 3*n - 26, -10 = 2*q. Suppose 2*p - 4 = -6. List the prime factors of 14 - 1/(n + p).
13
Suppose -25 + 47 = h. What are the prime factors of h?
2, 11
Suppose 4*l - 30 = 74. What are the prime factors of l?
2, 13
Let t(z) = 25*z + 4. Let c be t(2). Let a = c - 28. What are the prime factors of a?
2, 13
What are the prime factors of 4460/25 + (-4)/10?
2, 89
Suppose 5*c + 5*s = -60, -2*c + s - 9 = 6. Let z = 3 - c. What are the prime factors of z?
2, 3
Let d(i) = i. Let p be d(-1). Let x = -4 + 0. What are the prime factors of (-6)/x*(-2)/p?
3
Let b = 11 + -8. Suppose s + b*s - 140 = 0. What are the prime factors of s?
5, 7
Suppose 3*y - 49 = 4*x + 2, -3*y = 3*x + 54. Suppose 2*k - 2 = 4*r, 5*k - 5*r + 1 = 6. List the prime factors of ((-4)/10)/(k/x).
2, 3
Let s be (-15)/3*(-44)/(-10). What are the prime factors of s/(-5)*20/4?
2, 11
Let n = -30 + 17. Let b(k) = -k**2 - 5*k + 4. Let p be b(-6). Let s = p - n. List the prime factors of s.
11
Let d = -7 - -7. Suppose d = 2*b - 4*b + 22. What are the prime factors of b?
11
Suppose -14*m - 288 = -10*m. What are the prime factors of (-2)/(-7) + m/(-42)?
2
Let d be 3/(-3)*(-1 - 6). Suppose -4*x + 5 = -9*x, 0 = -r - 2*x + d. Let y = -1 + r. What are the prime factors of y?
2
Let r(m) = -m - 4. Let s(o) = -2*o + 3. Let d be s(3). Let c be r(d). What are the prime factors of (2/(-5))/(c/35)?
2, 7
Let t = 8 + -11. What are the prime factors of 2 + 1 - 4 - t?
2
Let r(h) = h**3 - 3*h**2 - 2*h + 7. Let p be r(5). Let j = p - 30. What are the prime factors of j?
17
What are the prime factors of ((-86)/3)/(((-4)/1)/12)?
2, 43
Suppose 0*h = 5*h - 100. Suppose -h + 170 = 5*y. List the prime factors of y.
2, 3, 5
Let q = 26 + -15. Suppose 5*z + q = -5*r + 66, 5*r - 2*z - 90 = 0. List the prime factors of r.
2
Let g(m) = -8*m + 4. List the prime factors of g(-4).
2, 3
Let h(i) = 2*i**2 - 2*i - 1. Let x be h(2). Suppose 0 = -x*d + 5 + 1. Suppose -8 = -2*q - d*q. List the prime factors of q.
2
Suppose -3*b - i + 240 = 0, -4*b + 4*i - i = -307. List the prime factors of b.
79
Let x be (-9)/(-6)*-2 - -7. Suppose -x*a + 11 = -25. What are the prime factors of a?
3
Suppose -4*j = -16, 3*j - 2*j - 19 = -5*b. Suppose -d = 3*d - 8, -41 = -5*m - b*d. What are the prime factors of m?
7
Let k be ((-12)/(-5))/(15/250). Suppose t - k = -3*t. Let v = 22 - t. List the prime factors of v.
2, 3
Let f(o) = 2*o - 2. Let x be f(3). Let n = x + 2. Suppose -14 = -5*t + n. What are the prime factors of t?
2
Let h(o) = o**2 - 3*o + 5. Let i(j) = -j**3 + 6*j**2 - 4*j + 3. Let x be i(5). Suppose 3*r - x = 4. List the prime factors of h(r).
3
Suppose -4 + 16 = 2*m. Let c = m + 0. What are the prime factors of c?
2, 3
Let r = 3 - 1. Let f be (2/4)/(r/16). Suppose 2 = f*a - 46. List the prime factors of a.
2, 3
Suppose -3*x - 3 = -12. List the prime factors of x.
3
Suppose -d = -4*l - 39, 0*d + 60 = 2*d - 2*l. What are the prime factors of d?
3
Suppose -6*s = -s - 60. List the prime factors of (5/3)/(4/s).
5
Suppose 20 = 2*s - 5*y, -2*s + 5*y = 2*s - 20. Suppose -i - 4*i + 15 = s. List the prime factors of i.
3
Suppose -2*i + 231 = v, -4*i + 2*v + 2*v + 456 = 0. What are the prime factors of i?
5, 23
Let i(l) = -l + 3. Let x be i(7). What are the prime factors of (x/(-5))/(6/45)?
2, 3
Suppose 0 = 7*y - 8*y + 6. Suppose -3*h = -y*h + 138. List the prime factors of h.
2, 23
Suppose 0 = -2*o - s - 16, -3*o - 2*o = -2*s + 58. Let x = -6 - o. Let h(k) = k**2 - k - 2. List the prime factors of h(x).
2, 5
Suppose u + 213 = 4*u. What are the prime factors of u?
71
Suppose 15 + 19 